749.
159
Calculate the greatest common factor of 596088 and 8232.
24
Calculate the highest common divisor of 4347602 and 49.
7
What is the greatest common divisor of 19383154 and 5586?
266
Calculate the greatest common factor of 29790267 and 78.
39
What is the greatest common divisor of 5083 and 3185247?
299
What is the greatest common factor of 8302 and 62888?
14
What is the highest common divisor of 90550 and 1250?
50
What is the greatest common factor of 1134 and 33327882?
378
Calculate the highest common divisor of 12369513 and 741.
741
Calculate the greatest common divisor of 10653 and 915153.
201
What is the greatest common divisor of 407808 and 23187?
177
Calculate the greatest common divisor of 1496 and 59533048.
136
Calculate the highest common factor of 65312 and 21734609.
2041
Calculate the highest common divisor of 40318 and 1577.
19
What is the highest common divisor of 2267496 and 937728?
792
Calculate the highest common divisor of 689 and 3605537.
689
What is the highest common divisor of 106798062 and 18?
6
Calculate the highest common divisor of 4922112 and 609.
87
Calculate the highest common factor of 715 and 6541106.
143
Calculate the greatest common divisor of 1600 and 309248.
64
Calculate the highest common factor of 54015 and 10049.
13
Calculate the greatest common factor of 33641390 and 10.
10
Calculate the greatest common factor of 36 and 10350888.
12
What is the highest common factor of 1487067 and 1221?
111
What is the greatest common divisor of 4921 and 33572357?
259
Calculate the highest common factor of 11022158 and 4.
2
Calculate the greatest common divisor of 176952 and 4014144.
2424
Calculate the greatest common factor of 45 and 913823181.
9
What is the highest common divisor of 3852 and 951072924?
1284
What is the greatest common divisor of 29470122 and 297?
297
Calculate the highest common factor of 140 and 57086360.
20
Calculate the highest common factor of 510 and 43385220.
30
Calculate the greatest common divisor of 5050360 and 1204235.
5305
What is the highest common factor of 12874 and 595501?
157
Calculate the highest common divisor of 74260846 and 2068.
1034
What is the greatest common divisor of 161636 and 7976?
4
Calculate the greatest common factor of 14874 and 249967486.
4958
Calculate the highest common factor of 1133 and 380831.
11
Calculate the highest common factor of 697 and 591671.
41
What is the highest common factor of 974847 and 21?
3
Calculate the highest common factor of 302743 and 17876726.
4963
What is the highest common factor of 9464 and 9364459?
169
What is the greatest common divisor of 1072592976 and 26?
26
What is the greatest common factor of 38802 and 33006?
6
What is the greatest common factor of 58878420 and 179340?
3660
What is the highest common divisor of 29130 and 71030?
10
Calculate the highest common factor of 362914430 and 10.
10
What is the greatest common divisor of 1073 and 14790783?
29
Calculate the greatest common divisor of 38767881 and 347.
347
Calculate the greatest common divisor of 4953225 and 60.
15
Calculate the highest common factor of 76521 and 880647.
69
What is the highest common factor of 14711816 and 1421?
203
Calculate the highest common divisor of 4700178 and 217.
7
Calculate the highest common factor of 23770 and 14270.
10
What is the highest common divisor of 1567 and 104908?
1
Calculate the greatest common factor of 2381 and 9531143.
2381
What is the greatest common factor of 1518 and 27458826?
138
What is the highest common divisor of 4864 and 129968?
16
Calculate the highest common divisor of 11539216 and 40.
8
What is the greatest common factor of 100 and 27685650?
50
Calculate the greatest common divisor of 1055 and 104585.
5
Calculate the greatest common factor of 102676 and 1204.
28
What is the highest common factor of 35204736 and 4557?
147
Calculate the greatest common factor of 6588 and 6293004.
732
Calculate the highest common factor of 124186 and 258292.
62
Calculate the greatest common factor of 222312 and 8328.
24
What is the highest common divisor of 9243 and 6878925?
711
Calculate the greatest common divisor of 455680 and 95.
5
Calculate the greatest common factor of 110 and 193226.
22
Calculate the greatest common factor of 346323 and 1608.
201
Calculate the greatest common divisor of 8 and 2395766.
2
Calculate the highest common divisor of 25 and 5884555.
5
Calculate the highest common divisor of 840 and 9310980.
420
What is the highest common divisor of 129850286 and 398?
398
What is the greatest common divisor of 9361 and 11565941?
851
What is the greatest common divisor of 4792 and 2742222?
1198
What is the highest common factor of 2050911 and 21901?
181
Calculate the highest common factor of 3838 and 5682178.
38
Calculate the highest common divisor of 754 and 6470857.
29
Calculate the greatest common divisor of 1904436 and 423.
9
Calculate the greatest common divisor of 3474 and 98391786.
1158
Calculate the highest common divisor of 15312 and 146421.
957
What is the greatest common factor of 28623 and 35679?
21
Calculate the highest common divisor of 287 and 27290543.
287
Calculate the greatest common factor of 403578 and 756.
126
What is the greatest common factor of 20 and 4603990?
10
What is the highest common divisor of 670451 and 967643?
1769
What is the highest common divisor of 5636074 and 4023?
149
Calculate the highest common factor of 22662728 and 48576.
2024
What is the greatest common factor of 1328 and 232068?
332
What is the greatest common factor of 5348 and 329952?
28
What is the greatest common divisor of 1405584 and 330966?
4086
What is the greatest common factor of 500459 and 93?
1
What is the highest common factor of 540309 and 825?
33
Calculate the greatest common divisor of 19302096 and 33664.
4208
Calculate the greatest common divisor of 47795 and 99145.
395
Calculate the highest common divisor of 8656004 and 18032.
644
What is the highest common factor of 95967052 and 8?
4
Calculate the highest common divisor of 6808109 and 561.
187
Calculate the highest common factor of 28891977 and 12396.
3099
Calculate the greatest common factor of 10576 and 30021298.
1322
Calculate the highest common divisor of 19263183 and 217.
31
What is the greatest common divisor of 204 and 139085313?
51
What is the highest common factor of 4090 and 37864?
2
What is the highest common factor of 1505673012 and 164?
164
Calculate the highest common divisor of 27498750 and 6030.
30
What is the greatest common divisor of 14 and 1226266958?
14
Calculate the highest common factor of 3949 and 18304.
11
Calculate the greatest common factor of 150554652 and 1088.
68
What is the highest common factor of 1084 and 27476?
4
What is the greatest common factor of 2325499 and 34848?
121
Calculate the highest common divisor of 34711 and 5074546.
337
What is the greatest common factor of 42080 and 396528256?
8416
What is the greatest common factor of 50671473 and 28161?
447
What is the greatest common divisor of 41400 and 4394664?
72
What is the greatest common divisor of 11657758 and 2260?
226
What is the greatest common divisor of 68580 and 219075?
1905
What is the greatest common divisor of 256038795 and 60?
15
What is the greatest common factor of 32 and 7466152?
8
What is the highest common factor of 24 and 45210120?
24
What is the highest common factor of 105 and 121955?
5
What is the greatest common factor of 1353814 and 83072?
1298
What is the highest common divisor of 675374 and 68096?
266
Calculate the greatest common divisor of 19115533 and 16190.
1619
What is the greatest common divisor of 2421999 and 3658?
31
What is the highest common factor of 115488 and 249823?
401
What is the greatest common divisor of 3588 and 2524756?
1196
Calculate the greatest common factor of 278915 and 211120.
455
Calculate the greatest common divisor of 15665684 and 116.
116
Calculate the greatest common factor of 344459802 and 802.
802
What is the highest common factor of 677000 and 72000?
1000
What is the highest common factor of 53292 and 389892?
12
Calculate the greatest common factor of 459 and 10721220.
51
Calculate the highest common factor of 6415119 and 2871.
261
What is the greatest common divisor of 4499628 and 18564?
1428
Calculate the gr